-6a5568
-743493 (base 13) to base 2
-1010011000001110101010
1100000010001101111100 (base 2) to base 9
5837526
5017c (base 14) to base 7
1430615
What is 1025533 (base 8) in base 7?
2215425
Convert -9b65b9 (base 15) to base 5.
-3344202144
What is -22501454 (base 6) in base 15?
-da28d
Convert 1788a6 (base 11) to base 6.
5522222
Convert 238156 (base 12) to base 15.
b50a6
Convert 30413252 (base 6) to base 8.
3251000
141844 (base 10) to base 11
9762a
What is 32241221 (base 5) in base 7?
2222320
-33790 (base 11) to base 10
-48862
-1e47d (base 16) to base 11
-85204
-91839 (base 11) to base 7
-1065664
What is -102122012210 (base 4) in base 3?
-100002011100112
What is 18a229 (base 11) in base 15?
5b6ac
-1100100111100001 (base 2) to base 15
-104a6
11001110000001111 (base 2) to base 10
105487
What is 110201120 (base 3) in base 16?
243c
Convert 73119 (base 12) to base 15.
2e8d6
What is -173346 (base 11) in base 3?
-111121112212
What is -3121 (base 6) in base 9?
-854
Convert 10011110101000011 (base 2) to base 5.
10044334
What is 1f201c (base 16) in base 12?
824564
Convert 10524217 (base 8) to base 7.
25210041
146cd6 (base 14) to base 13
1bb513
-43534545 (base 6) to base 7
-14036306
What is 1121002021100 (base 3) in base 14?
181093
-9cbc2 (base 15) to base 11
-310819
-1395316 (base 11) to base 13
-65a5aa
What is 21101112 (base 3) in base 12?
314b
Convert -12524105 (base 6) to base 2.
-1100101011110001001
What is -896a54 (base 13) in base 7?
-36362604
Convert -11111100101111 (base 2) to base 4.
-3330233
-4e071 (base 15) to base 5
-30443411
What is 10607832 (base 9) in base 16?
4e7a03
Convert -1830837 (base 10) to base 13.
-4c1448
What is -111010110101101 (base 2) in base 4?
-13112231
Convert 36143131 (base 7) to base 8.
14161702
-1267511 (base 11) to base 5
-1030111233
What is -1faeb (base 16) in base 3?
-20121000100
16166 (base 9) to base 3
120012020
-4a1c (base 14) to base 9
-18702
Convert 96b6d (base 14) to base 15.
72ec6
-64747 (base 10) to base 4
-33303223
-44744 (base 13) to base 11
-85404
What is -1236697 (base 10) in base 14?
-242997
Convert -149262 (base 10) to base 16.
-2470e
173286 (base 11) to base 12
10b023
What is 6851418 (base 9) in base 15?
4cebc8
Convert -350204 (base 9) to base 16.
-334c6
What is 12000120210 (base 4) in base 5?
400340221
-18a46a (base 13) to base 8
-2277663
Convert 9a266 (base 14) to base 4.
1123032202
What is 19aaa9 (base 11) in base 14?
80095
121121013221 (base 4) to base 14
c53b97
What is -1591759 (base 10) in base 7?
-16346461
What is -4260330 (base 7) in base 2?
-1111110101010000000
Convert -22300 (base 12) to base 9.
-68200
596062 (base 14) to base 9
5660670
-259 (base 16) to base 8
-1131
What is 2286387 (base 9) in base 7?
13344544
-17932d3 (base 15) to base 9
-35273400
What is 20221122100212 (base 3) in base 6?
211054552
What is -2aa643 (base 15) in base 4?
-13312332003
Convert 22701520 (base 8) to base 11.
2880134
What is -1a29098 (base 14) in base 8?
-61501036
838c6 (base 16) to base 5
114220242
What is -1b6c43 (base 16) in base 5?
-430002222
2001210022 (base 3) to base 13
15686
Convert 143d64 (base 15) to base 3.
1211112110211
-32207825 (base 9) to base 15
-156d25b
What is -351204 (base 6) in base 15?
-8dba
What is 559580 (base 12) in base 6?
45123440
1526891 (base 12) to base 9
8047451
What is 4237644 (base 8) in base 12?
466204
Convert 73b2 (base 12) to base 10.
12662
What is 89845 (base 13) in base 10?
249670
What is -2011221223 (base 4) in base 5?
-120004220
What is 201011112012 (base 3) in base 6?
12030352
-30631466 (base 9) to base 10
-14723997
What is -1051552551 (base 6) in base 5?
-10430220120
Convert 2100130310 (base 4) to base 16.
90734
What is 4222313411 (base 5) in base 16?
8626b3
Convert -23142177 (base 8) to base 13.
-1071c60
What is 1001001001101110101000 (base 2) in base 15?
325cce
16532162 (base 7) to base 12
662412
Convert 16520453 (base 7) to base 3.
10001020011202
Convert -11001010010001110100 (base 2) to base 9.
-1502471
Convert 111110111010101110100010 (base 2) to base 5.
13210242344
What is 12050132 (base 6) in base 16?
5cb88
1b5983a (base 12) to base 2
10110010010101001101110
-2b0a (base 12) to base 15
-176a
2153645 (base 11) to base 9
7104114
Convert -678401 (base 9) to base 5.
-101001003
Convert -4143323 (base 6) to base 3.
-101011211120
What is -27338 (base 13) in base 2?
-10001110101011111
What is -9144835 (base 10) in base 14?
-1300947
Convert -1011033400 (base 5) to base 10.
-2049225
37423b (base 14) to base 10
1893805
1202122010002 (base 3) to base 11
590463
225278 (base 10) to base 15
46b38
Convert -156306 (base 8) to base 16.
-dcc6
344210224 (base 5) to base 10
1553814
Convert 24033143 (base 5) to base 10.
221048
What is 2103313002 (base 4) in base 8?
2236702
What is -81bd92 (base 14) in base 16?
-42bd6c
-12100221102001 (base 3) to base 9
-5327361
-2002132302 (base 4) to base 15
-a8550
d131e (base 16) to base 11
535856
Convert 121121111221 (base 3) to base 4.
1033310320
Convert 58777 (base 15) to base 9.
468514
Convert -432001 (base 12) to base 8.
-4030201
What is -6c21c (base 13) in base 14?
-52297
Convert -61603652 (base 7) to base 11.
-2a05688
Convert 11000000111110010110100 (base 2) to base 9.
12807037
Convert 100011200 (base 4) to base 12.
32168
Convert -2a546 (base 11) to base 14.
-11a91
What is -79149 (base 11) in base 3?
-12211020221
What is 2400132123 (base 5) in base 3?
101022002222011
44145 (base 12) to base 15
1ba38
Convert -1154321 (base 9) to base 16.
-98f29
-1935523 (base 11) to base 13
-8a753b
Convert 22243043 (base 6) to base 10.
674595
What is -1b9ed (base 15) in base 6?
-1532354
2442123240 (base 5) to base 15
79d9b5
What is 84417b (base 12) in base 3?
10220201020212
What is 203241535 (base 6) in base 8?
15333543
What is -371070 (base 9) in base 6?
-4444230
Convert 10232021204 (base 5) to base 15.
e391d9
What is -26dc3 (base 14) in base 13?
-3491a
-631a3 (base 14) to base 5
-30122232
Convert 2029923 (base 11) to base 4.
31223113121
What is 3ce45 (base 15) in base 4?
233300012
Convert 1716055 (base 9) to base 14.
1ac453
What is 216584 (base 9) in base 12?
62b4a
What is 168f0 (base 16) in base 2?
10110100011110000
Convert 8c7513 (base 13) to base 12.
1146830
What is 196817 (base 12) in base 2?
1101101001000010011
128744 (base 9) to base 6
1403534
Convert -24143024 (base 6) to base 7.
-6314044
1101010001101010011110 (base 2) to base 9
6483863
Convert 22103222 (base 5) to base 6.
4032314
-2473532 (base 10) to base 7
-30011315
-436633 (base 14) to base 11
-13201a2
What is 670531 (base 9) in base 14?
a6022
What is 11123313312 (base 4) in base 7?
15053121
Convert -1302615 (base 7) to base 16.
-29466
What is 3663c6 (base 13) in base 10?
1299096
Convert -32045 (base 10) to base 3.
-1121221212
What is 356215 (base 7) in base 13?
2352a
-6805 (base 10) to base 6
-51301
What is -4439a (base 12) in base 9?
-147011
Convert -3f5f4b (base 16) to base 10.
-4153163
What is -be1c24 (base 15) in base 10?
-9067984
-19949 (base 15) to base 7
-464154
Convert 52827 (base 10) to base 13.
1b078
-2154432 (base 8) to base 10
-579866
Convert -1fe99d (base 16) to base 14.
-3c6273
Convert -540191 (base 11) to base 14.
-186c52
What is 4467683 (base 9) in base 14?
46927c
What is 23818 (base 14) in base 11?
5a117
-2886208 (base 9) to base 7
-16351202
-100100000100001010110 (base 2) to base 8
-4404126
Convert -37d90 (base 14) to base 5.
-13342010
199179b (base 12) to base 13
1177919
What is 92154 (base 10) in base 3?
11200102010
Convert 331503533 (base 6) to base 11.
3404695
What is -2200020 (base 3) in base 10?
-1950
Convert -25661871 (base 9) to base 16.
-c08a04
-100100010101001011100 (base 2) to base 13
-328b44
Convert 12327257 (base 8) to base 6.
134314423
-221473 (base 9) to base 16
-204f3
What is -3883434 (base 11) in base 10?
-6724733
Convert a2ab (base 14) to base 10.
27983
What is -316584 (base 9) in base 15?
-3ad0d
What is 15745437 (base 8) in base 15?
4c3604
What is 384b6b (base 14) in base 2?
111011000001011001011
Convert -2011ad (base 16) to base 3.
-10221202221220
What is -227133 (base 9) in base 11?
-93561
Convert 1a02014 (base 12) to base 13.
119a3b5
-33111323233 (base 4) to base 6
-222112211
-212121001222 (base 3) to base 4
-1301120222
What is -17000 (base 14) in base 6?
-1122